{"id":93,"date":"2020-05-17T06:53:00","date_gmt":"2020-05-17T04:53:00","guid":{"rendered":"http:\/\/lamaisondurif.be\/?page_id=93"},"modified":"2021-01-10T00:50:17","modified_gmt":"2021-01-09T23:50:17","slug":"qui-somme-nous","status":"publish","type":"page","link":"https:\/\/lamaisondurif.be\/?page_id=93","title":{"rendered":"Qui somme nous"},"content":{"rendered":"\t\t<div data-elementor-type=\"wp-page\" data-elementor-id=\"93\" class=\"elementor elementor-93\" data-elementor-settings=\"[]\">\n\t\t\t\t\t\t<div class=\"elementor-inner\">\n\t\t\t\t\t\t\t<div class=\"elementor-section-wrap\">\n\t\t\t\t\t\t\t<section class=\"elementor-section elementor-top-section elementor-element elementor-element-2351f47 elementor-section-boxed elementor-section-height-default elementor-section-height-default\" data-id=\"2351f47\" data-element_type=\"section\">\n\t\t\t\t\t\t<div class=\"elementor-container elementor-column-gap-default\">\n\t\t\t\t\t\t\t<div class=\"elementor-row\">\n\t\t\t\t\t<div class=\"elementor-column elementor-col-100 elementor-top-column elementor-element elementor-element-3822006\" data-id=\"3822006\" data-element_type=\"column\">\n\t\t\t<div class=\"elementor-column-wrap\">\n\t\t\t\t\t\t\t<div class=\"elementor-widget-wrap\">\n\t\t\t\t\t\t\t\t<\/div>\n\t\t\t\t\t<\/div>\n\t\t<\/div>\n\t\t\t\t\t\t\t\t<\/div>\n\t\t\t\t\t<\/div>\n\t\t<\/section>\n\t\t\t\t<section class=\"elementor-section elementor-top-section elementor-element elementor-element-8fe3629 elementor-section-boxed elementor-section-height-default elementor-section-height-default\" data-id=\"8fe3629\" data-element_type=\"section\">\n\t\t\t\t\t\t<div class=\"elementor-container elementor-column-gap-default\">\n\t\t\t\t\t\t\t<div class=\"elementor-row\">\n\t\t\t\t\t<div class=\"elementor-column elementor-col-100 elementor-top-column elementor-element elementor-element-30a3cf4\" data-id=\"30a3cf4\" data-element_type=\"column\">\n\t\t\t<div class=\"elementor-column-wrap elementor-element-populated\">\n\t\t\t\t\t\t\t<div class=\"elementor-widget-wrap\">\n\t\t\t\t\t\t<div class=\"elementor-element elementor-element-19653a2 elementor-widget elementor-widget-ova_heading\" data-id=\"19653a2\" data-element_type=\"widget\" data-widget_type=\"ova_heading.default\">\n\t\t\t\t<div class=\"elementor-widget-container\">\n\t\t\t\t\t\t\t\t<div class=\"ova-heading\">\n\t\t\t\t\t\t\t\t\t\t\t\t\t<h3 class=\"special-heading main-color three_font\">Discover<\/h3>\n\t\t\t\t\t\t\t\t\t\t\t\t\t\t\t\t\t\t\t<h2 class=\"special-heading-1 second_font\">OUR STORY<\/h2>\n\t\t\t\t\t\t\t\t\t\t\t<\/div>\n\t\t\t\t\t\t<\/div>\n\t\t\t\t<\/div>\n\t\t\t\t\t\t<\/div>\n\t\t\t\t\t<\/div>\n\t\t<\/div>\n\t\t\t\t\t\t\t\t<\/div>\n\t\t\t\t\t<\/div>\n\t\t<\/section>\n\t\t\t\t<section class=\"elementor-section elementor-top-section elementor-element elementor-element-2f2f8ad1 elementor-section-full_width elementor-section-content-middle elementor-section-height-default elementor-section-height-default\" data-id=\"2f2f8ad1\" data-element_type=\"section\">\n\t\t\t\t\t\t<div class=\"elementor-container elementor-column-gap-no\">\n\t\t\t\t\t\t\t<div class=\"elementor-row\">\n\t\t\t\t\t<div class=\"elementor-column elementor-col-50 elementor-top-column elementor-element elementor-element-6154989d\" data-id=\"6154989d\" data-element_type=\"column\" data-settings=\"{&quot;background_background&quot;:&quot;classic&quot;}\">\n\t\t\t<div class=\"elementor-column-wrap elementor-element-populated\">\n\t\t\t\t\t<div class=\"elementor-background-overlay\"><\/div>\n\t\t\t\t\t\t\t<div class=\"elementor-widget-wrap\">\n\t\t\t\t\t\t<div class=\"elementor-element elementor-element-37f1ca90 elementor-widget elementor-widget-heading\" data-id=\"37f1ca90\" data-element_type=\"widget\" data-widget_type=\"heading.default\">\n\t\t\t\t<div class=\"elementor-widget-container\">\n\t\t\t<h4 class=\"elementor-heading-title elementor-size-default\">Huis van Rif\nis a great alternative<\/h4>\t\t<\/div>\n\t\t\t\t<\/div>\n\t\t\t\t\t\t<\/div>\n\t\t\t\t\t<\/div>\n\t\t<\/div>\n\t\t\t\t<div class=\"elementor-column elementor-col-50 elementor-top-column elementor-element elementor-element-65a6dfea\" data-id=\"65a6dfea\" data-element_type=\"column\">\n\t\t\t<div class=\"elementor-column-wrap elementor-element-populated\">\n\t\t\t\t\t\t\t<div class=\"elementor-widget-wrap\">\n\t\t\t\t\t\t<div class=\"elementor-element elementor-element-315d5fc2 elementor-widget elementor-widget-text-editor\" data-id=\"315d5fc2\" data-element_type=\"widget\" data-widget_type=\"text-editor.default\">\n\t\t\t\t<div class=\"elementor-widget-container\">\n\t\t\t\t\t\t\t\t<div class=\"elementor-text-editor elementor-clearfix\">\n\t\t\t\t\t<p><strong>Thaddath N Arif (La Maison du Rif) a \u00e9t\u00e9 cr\u00e9\u00e9e le 18 janvier 2019 et dont la publication au Moniteur Belge a \u00e9t\u00e9 faite le 14 mars 2019.<\/strong><\/p>\t\t\t\t\t<\/div>\n\t\t\t\t\t\t<\/div>\n\t\t\t\t<\/div>\n\t\t\t\t<div class=\"elementor-element elementor-element-3dc6d5 elementor-widget elementor-widget-text-editor\" data-id=\"3dc6d5\" data-element_type=\"widget\" data-widget_type=\"text-editor.default\">\n\t\t\t\t<div class=\"elementor-widget-container\">\n\t\t\t\t\t\t\t\t<div class=\"elementor-text-editor elementor-clearfix\">\n\t\t\t\t\t<p><span style=\"font-family: var( --e-global-typography-text-font-family ), Sans-serif; letter-spacing: 0px;\">En s\u2019appuyant sur des faits historiques, La Maison du Rif met en \u00e9vidence que l&#8217;immigration marocaine des ann\u00e9es 60 \u00e0 ce jour est en r\u00e9alit\u00e9 compos\u00e9e d\u2019une majorit\u00e9 de personnes issues de la R\u00e9gion du Rif. Notre volont\u00e9 est de pouvoir offrir aux 2eme, 3eme voir 4eme g\u00e9n\u00e9rations une possibilit\u00e9 pour valoriser leur identit\u00e9 multiple via la culture. Nous souhaitons ouvrir des espaces de d\u00e9bats et de discussions pour des jeunes qui souffrent du repli identitaire, et se recroquevillent sur eux-m\u00eames. Ces derni\u00e8res ann\u00e9es, nous constatons tous la mont\u00e9e d\u2019une vague extr\u00e9miste qui cristallise les discours de haine et de rejet de L\u2019autre. Soucieuse du vivre-ensemble, la Maison du Rif pr\u00f4ne l&#8217;ouverture et le dialogue interculturel.\u00a0<\/span><\/p><p>Il est coutume de dire que pour pouvoir s&#8217;ouvrir \u00e0 l&#8217;autre, il faut pouvoir d\u2019abord se conna\u00eetre soi-m\u00eame !<\/p><p>La Maison du Rif est compos\u00e9e avec ses administrateurs aux multiples comp\u00e9tences ce qui constitue notre richesse et notre force afin de mener \u00e0 bien les activit\u00e9s que nous avons l&#8217;intention de mettre en place.<\/p><p>La finalit\u00e9 de La Maison du Rif est de viser \u00e0 renforcer l\u2019implication citoyenne des Belges et des r\u00e9sidents non Belges issus du Rif.<\/p><p>Cela se traduira concr\u00e8tement par la poursuite des objectifs g\u00e9n\u00e9raux suivants :<\/p><ol><li>Valoriser le patrimoine culturel rifain et sa promotion.<\/li><li>Favoriser les \u00e9changes avec les autres cultures et promouvoir la diversit\u00e9 et le pluralisme culturels.<\/li><li>Promouvoir les activit\u00e9s associatives et les actions de solidarit\u00e9 sociale.<\/li><li>Permettre \u00e0 chacun d\u2019acc\u00e9der aux savoirs et aux comp\u00e9tences utiles \u00e0 une meilleure implication citoyenne.<\/li><li>Promouvoir les valeurs universelles telles que cit\u00e9es dans :<\/li><li>La D\u00e9claration Universelle des Droits de l\u2019Homme.<\/li><li>La Convention internationale sur l\u2019Elimination de toutes les formes de Discrimination Contre les Femmes (CEDAW).<\/li><li>La Convention Internationale des Droits de l\u2019Enfant.<\/li><li>la D\u00e9claration de Fribourg.<\/li><\/ol>\t\t\t\t\t<\/div>\n\t\t\t\t\t\t<\/div>\n\t\t\t\t<\/div>\n\t\t\t\t<div class=\"elementor-element elementor-element-34ec1633 elementor-widget elementor-widget-text-editor\" data-id=\"34ec1633\" data-element_type=\"widget\" data-widget_type=\"text-editor.default\">\n\t\t\t\t<div class=\"elementor-widget-container\">\n\t\t\t\t\t\t\t\t<div class=\"elementor-text-editor elementor-clearfix\">\n\t\t\t\t\t<p>La Maison du Rif peut poser tous les actes se rapportant directement ou indirectement \u00e0 son but, notamment en collaborant avec tout organisme ou association, dont l\u2019activit\u00e9 pourrait contribuer \u00e0 la r\u00e9alisation de ses objectifs.<\/p>\t\t\t\t\t<\/div>\n\t\t\t\t\t\t<\/div>\n\t\t\t\t<\/div>\n\t\t\t\t\t\t<\/div>\n\t\t\t\t\t<\/div>\n\t\t<\/div>\n\t\t\t\t\t\t\t\t<\/div>\n\t\t\t\t\t<\/div>\n\t\t<\/section>\n\t\t\t\t\t\t<\/div>\n\t\t\t\t\t\t<\/div>\n\t\t\t\t\t<\/div>\n\t\t","protected":false},"excerpt":{"rendered":"<p>Discover OUR STORY Huis van Rif is a great alternative Thaddath N Arif (La Maison du Rif) a \u00e9t\u00e9 cr\u00e9\u00e9e le 18 janvier 2019 et dont la publication au Moniteur Belge a \u00e9t\u00e9 faite le 14 mars 2019. En s\u2019appuyant sur des faits historiques, La Maison du Rif met en \u00e9vidence que l&#8217;immigration marocaine des [&hellip;]<\/p>\n","protected":false},"author":1,"featured_media":0,"parent":0,"menu_order":0,"comment_status":"closed","ping_status":"closed","template":"","meta":{"footnotes":""},"class_list":["post-93","page","type-page","status-publish","hentry"],"_links":{"self":[{"href":"https:\/\/lamaisondurif.be\/index.php?rest_route=\/wp\/v2\/pages\/93","targetHints":{"allow":["GET"]}}],"collection":[{"href":"https:\/\/lamaisondurif.be\/index.php?rest_route=\/wp\/v2\/pages"}],"about":[{"href":"https:\/\/lamaisondurif.be\/index.php?rest_route=\/wp\/v2\/types\/page"}],"author":[{"embeddable":true,"href":"https:\/\/lamaisondurif.be\/index.php?rest_route=\/wp\/v2\/users\/1"}],"replies":[{"embeddable":true,"href":"https:\/\/lamaisondurif.be\/index.php?rest_route=%2Fwp%2Fv2%2Fcomments&post=93"}],"version-history":[{"count":13,"href":"https:\/\/lamaisondurif.be\/index.php?rest_route=\/wp\/v2\/pages\/93\/revisions"}],"predecessor-version":[{"id":3054,"href":"https:\/\/lamaisondurif.be\/index.php?rest_route=\/wp\/v2\/pages\/93\/revisions\/3054"}],"wp:attachment":[{"href":"https:\/\/lamaisondurif.be\/index.php?rest_route=%2Fwp%2Fv2%2Fmedia&parent=93"}],"curies":[{"name":"wp","href":"https:\/\/api.w.org\/{rel}","templated":true}]}}